{"id":2522,"date":"2020-12-16T07:30:14","date_gmt":"2020-12-16T07:30:14","guid":{"rendered":"https:\/\/artemsemkin.com\/wp\/?page_id=2522"},"modified":"2024-04-04T11:45:30","modified_gmt":"2024-04-04T11:45:30","slug":"services","status":"publish","type":"page","link":"https:\/\/www.kompnet.pl\/index.php\/services\/","title":{"rendered":"US\u0141UGI"},"content":{"rendered":"\t\t<div data-elementor-type=\"wp-page\" data-elementor-id=\"2522\" class=\"elementor elementor-2522\">\n\t\t\t\t\t\t<section class=\"elementor-section elementor-top-section elementor-element elementor-element-660d1240 section section-services-tabs section_mb elementor-section-boxed elementor-section-height-default elementor-section-height-default\" data-id=\"660d1240\" data-element_type=\"section\" data-e-type=\"section\">\n\t\t\t\t\t\t<div class=\"elementor-container elementor-column-gap-no\">\n\t\t\t\t\t<div class=\"elementor-column elementor-col-100 elementor-top-column elementor-element elementor-element-6f5c0977\" data-id=\"6f5c0977\" data-element_type=\"column\" data-e-type=\"column\">\n\t\t\t<div class=\"elementor-widget-wrap elementor-element-populated\">\n\t\t\t\t\t\t<div class=\"elementor-element elementor-element-1a8a4cea elementor-widget elementor-widget-harizma-widget-services-slider\" data-id=\"1a8a4cea\" data-element_type=\"widget\" data-e-type=\"widget\" data-widget_type=\"harizma-widget-services-slider.default\">\n\t\t\t\t<div class=\"elementor-widget-container\">\n\t\t\t\t\t\t\t<div class=\"container section-services-tabs__wrapper-tabs bg-black-2 color-white\">\n\t\t\t<div class=\"tabs js-tabs tabs_pt tabs_pb\">\n\t\t\t\t<div class=\"row justify-content-center\">\n\t\t\t\t\t\t\t\t\t\t\t\t\t\t\t\t\t<div class=\"tabs__item js-tabs__item col-md-2 col-sm-4 col-6\">\n\t\t\t\t\t\t\t<div class=\"tabs__icon hrz icon-web-develop\"><\/div>\n\t\t\t\t\t\t\t<h4>OUTSOURCING IT<\/h4>\n\t\t\t\t\t\t<\/div>\n\t\t\t\t\t\t\t\t\t\t\t\t\t\t\t\t\t<div class=\"tabs__item js-tabs__item col-md-2 col-sm-4 col-6\">\n\t\t\t\t\t\t\t<div class=\"tabs__icon hrz icon-responsive-design\"><\/div>\n\t\t\t\t\t\t\t<h4>HELPDESK IT<\/h4>\n\t\t\t\t\t\t<\/div>\n\t\t\t\t\t\t\t\t\t\t\t\t\t\t\t\t\t<div class=\"tabs__item js-tabs__item col-md-2 col-sm-4 col-6\">\n\t\t\t\t\t\t\t<div class=\"tabs__icon hrz icon-web-analytics\"><\/div>\n\t\t\t\t\t\t\t<h4>ADMINISTARCJA I OBS\u0141UGA IT<\/h4>\n\t\t\t\t\t\t<\/div>\n\t\t\t\t\t\t\t\t\t\t\t\t\t\t\t\t\t<div class=\"tabs__item js-tabs__item col-md-2 col-sm-4 col-6\">\n\t\t\t\t\t\t\t<div class=\"tabs__icon hrz icon-apps-develop\"><\/div>\n\t\t\t\t\t\t\t<h4>KONSULTING INFORMATYCZNY<\/h4>\n\t\t\t\t\t\t<\/div>\n\t\t\t\t\t\t\t\t\t\t\t\t\t\t\t\t\t<div class=\"tabs__item js-tabs__item col-md-2 col-sm-4 col-6\">\n\t\t\t\t\t\t\t<div class=\"tabs__icon hrz icon-user-interaction\"><\/div>\n\t\t\t\t\t\t\t<h4>SZKOLENIA I EDUKACJA<\/h4>\n\t\t\t\t\t\t<\/div>\n\t\t\t\t\t\t\t\t\t\t<div class=\"tabs__underline js-tabs__underline\"><\/div>\n\t\t\t\t<\/div>\n\t\t\t<\/div>\n\t\t<\/div>\n\t\t<!-- - tabs (slider content selector) -->\n\t\t<div class=\"container section-services-tabs__content\">\n\t\t\t<div class=\"swiper swiper-container slider slider-services js-slider-services\">\n\t\t\t\t<div class=\"swiper-wrapper\">\n\t\t\t\t\t\t\t\t\t\t\t<div class=\"swiper-slide slider-services__slide\">\n\t\t\t\t\t\t\t<div class=\"row justify-content-between\">\n\t\t\t\t\t\t\t\t\t\t\t\t\t\t\t\t\t<div class=\"col-lg-5\">\n\t\t\t\t\t\t\t\t\t\t<div class=\"slider-services__header\">\n\t\t\t\t\t\t\t\t\t\t\t<div class=\"slider-services__headline\"><\/div>\n\t\t\t\t\t\t\t\t\t\t\t<h4>Outsourcing IT<\/h4>\n\t\t\t\t\t\t\t\t\t\t<\/div>\n\t\t\t\t\t\t\t\t\t<\/div>\n\t\t\t\t\t\t\t\t\t\t\t\t\t\t\t\t\t\t\t\t\t\t\t\t\t<div class=\"col-lg-6\">\n\t\t\t\t\t\t\t\t\t\t<div class=\"slider-services__wrapper-text\">\n\t\t\t\t\t\t\t\t\t\t\t<p>Nasza firma oferuje kompleksowy outsourcing IT, kt\u00f3ry obejmuje zarz\u0105dzanie serwerami, wsparcie dla aplikacji, zarz\u0105dzanie sieciami, cyberbezpiecze\u0144stwo oraz zarz\u0105dzanie projektami IT. Dzi\u0119ki naszym us\u0142ugom, mo\u017cesz skupi\u0107 si\u0119 na rozwoju swojego biznesu, maj\u0105c pewno\u015b\u0107, \u017ce Twoja infrastruktura technologiczna jest w dobrych r\u0119kach. Nasz do\u015bwiadczony zesp\u00f3\u0142 specjalist\u00f3w zapewnia profesjonalne wsparcie na ka\u017cdym etapie, dbaj\u0105c o efektywne funkcjonowanie system\u00f3w i minimalizuj\u0105c ryzyko wyst\u0105pienia incydent\u00f3w. Oferujemy elastyczne rozwi\u0105zania dostosowane do indywidualnych potrzeb klienta, zapewniaj\u0105c kompleksowe zarz\u0105dzanie technologi\u0105 i bezpiecze\u0144stwem IT.<\/p>\n\t\t\t\t\t\t\t\t\t\t<\/div>\n\t\t\t\t\t\t\t\t\t<\/div>\n\t\t\t\t\t\t\t\t<\/div>\n\t\t\t\t\t\t\t\t\t\t\t\t\t<\/div>\n\t\t\t\t\t\t\t\t\t\t\t<div class=\"swiper-slide slider-services__slide\">\n\t\t\t\t\t\t\t<div class=\"row justify-content-between\">\n\t\t\t\t\t\t\t\t\t\t\t\t\t\t\t\t\t<div class=\"col-lg-5\">\n\t\t\t\t\t\t\t\t\t\t<div class=\"slider-services__header\">\n\t\t\t\t\t\t\t\t\t\t\t<div class=\"slider-services__headline\"><\/div>\n\t\t\t\t\t\t\t\t\t\t\t<h4>Zdalne i lokalne wsparcie ko\u0144cowych u\u017cytkownik\u00f3w<\/h4>\n\t\t\t\t\t\t\t\t\t\t<\/div>\n\t\t\t\t\t\t\t\t\t<\/div>\n\t\t\t\t\t\t\t\t\t\t\t\t\t\t\t\t\t\t\t\t\t\t\t\t\t<div class=\"col-lg-6\">\n\t\t\t\t\t\t\t\t\t\t<div class=\"slider-services__wrapper-text\">\n\t\t\t\t\t\t\t\t\t\t\t<p>Oferujemy kompleksow\u0105 obs\u0142ug\u0119 helpdesk IT, aby zapewni\u0107 ci\u0105g\u0142o\u015b\u0107 dzia\u0142ania Twojej infrastruktury technologicznej. Nasz wyspecjalizowany zesp\u00f3\u0142 ekspert\u00f3w IT jest gotowy pom\u00f3c w rozwi\u0105zywaniu wszelkich problem\u00f3w technicznych oraz udzieli\u0107 wsparcia u\u017cytkownikom na ka\u017cdym etapie. Dzi\u0119ki naszym szybkim i skutecznym interwencjom, minimalizujemy przestoje oraz zapewniamy p\u0142ynne funkcjonowanie Twojej firmy. Nasze us\u0142ugi help desk IT s\u0105 dostosowane do indywidualnych potrzeb klienta, aby zapewni\u0107 optymalne wsparcie techniczne na ka\u017cdym poziomie.<\/p>\n\t\t\t\t\t\t\t\t\t\t<\/div>\n\t\t\t\t\t\t\t\t\t<\/div>\n\t\t\t\t\t\t\t\t<\/div>\n\t\t\t\t\t\t\t\t\t\t\t\t\t<\/div>\n\t\t\t\t\t\t\t\t\t\t\t<div class=\"swiper-slide slider-services__slide\">\n\t\t\t\t\t\t\t<div class=\"row justify-content-between\">\n\t\t\t\t\t\t\t\t\t\t\t\t\t\t\t\t\t<div class=\"col-lg-5\">\n\t\t\t\t\t\t\t\t\t\t<div class=\"slider-services__header\">\n\t\t\t\t\t\t\t\t\t\t\t<div class=\"slider-services__headline\"><\/div>\n\t\t\t\t\t\t\t\t\t\t\t<h4>Administracja i obs\u0142uga IT<\/h4>\n\t\t\t\t\t\t\t\t\t\t<\/div>\n\t\t\t\t\t\t\t\t\t<\/div>\n\t\t\t\t\t\t\t\t\t\t\t\t\t\t\t\t\t\t\t\t\t\t\t\t\t<div class=\"col-lg-6\">\n\t\t\t\t\t\t\t\t\t\t<div class=\"slider-services__wrapper-text\">\n\t\t\t\t\t\t\t\t\t\t\t<p>Oferujemy kompleksow\u0105 administracj\u0119 i obs\u0142ug\u0119 IT, zapewniaj\u0105c\u0105 nie tylko sprawne funkcjonowanie Twojej infrastruktury technologicznej, ale tak\u017ce ci\u0105g\u0142o\u015b\u0107 dzia\u0142ania w ka\u017cdej sytuacji. Nasz do\u015bwiadczony zesp\u00f3\u0142 ekspert\u00f3w regularnie aktualizuje systemy i urz\u0105dzenia sieciowe, dbaj\u0105c o ich bezpiecze\u0144stwo i wydajno\u015b\u0107. Dzi\u0119ki systematycznym aktualizacjom mo\u017cemy zapobiega\u0107 potencjalnym zagro\u017ceniom oraz utrzymywa\u0107 infrastruktur\u0119 IT na najwy\u017cszym poziomie. W razie wyst\u0105pienia awarii lub incydentu, nasza szybka interwencja i plany awaryjne pozwalaj\u0105 minimalizowa\u0107 przestoje i przywraca\u0107 pe\u0142n\u0105 funkcjonalno\u015b\u0107 system\u00f3w w mo\u017cliwie najkr\u00f3tszym czasie.<\/p>\n\t\t\t\t\t\t\t\t\t\t<\/div>\n\t\t\t\t\t\t\t\t\t<\/div>\n\t\t\t\t\t\t\t\t<\/div>\n\t\t\t\t\t\t\t\t\t\t\t\t\t<\/div>\n\t\t\t\t\t\t\t\t\t\t\t<div class=\"swiper-slide slider-services__slide\">\n\t\t\t\t\t\t\t<div class=\"row justify-content-between\">\n\t\t\t\t\t\t\t\t\t\t\t\t\t\t\t\t\t<div class=\"col-lg-5\">\n\t\t\t\t\t\t\t\t\t\t<div class=\"slider-services__header\">\n\t\t\t\t\t\t\t\t\t\t\t<div class=\"slider-services__headline\"><\/div>\n\t\t\t\t\t\t\t\t\t\t\t<h4>Konsulting informatyczny.<\/h4>\n\t\t\t\t\t\t\t\t\t\t<\/div>\n\t\t\t\t\t\t\t\t\t<\/div>\n\t\t\t\t\t\t\t\t\t\t\t\t\t\t\t\t\t\t\t\t\t\t\t\t\t<div class=\"col-lg-6\">\n\t\t\t\t\t\t\t\t\t\t<div class=\"slider-services__wrapper-text\">\n\t\t\t\t\t\t\t\t\t\t\t<p>Kompleksowa obs\u0142uga informatyczna: Nasza firma oferuje specjalistyczne doradztwo i wsparcie w zakresie wszelkich aspekt\u00f3w funkcjonowania Twojego przedsi\u0119biorstwa zwi\u0105zanych ze \u015brodowiskiem informatycznym. Pomagamy w doborze sprz\u0119tu komputerowego, oprogramowania oraz projektowaniu, wdra\u017caniu i monitorowaniu nowoczesnych system\u00f3w komputerowych.\r\nCyfrowa transformacja: Wspieramy Ci\u0119 w procesie cyfryzacji, umo\u017cliwiaj\u0105c wykorzystanie nowoczesnych technologii. Nasze rozwi\u0105zania pomog\u0105 zoptymalizowa\u0107 procesy biznesowe, zwi\u0119kszy\u0107 produktywno\u015b\u0107 i poprawi\u0107 obs\u0142ug\u0119 klient\u00f3w.\r\nBezpiecze\u0144stwo IT: Nasz zesp\u00f3\u0142 dba o cyberbezpiecze\u0144stwo Twojej firmy. Analizujemy oprogramowanie, sprz\u0119t oraz procedury, aby wykry\u0107 s\u0142abe punkty podatne na ataki przest\u0119pc\u00f3w. Dzi\u0119ki temu Twoje dane s\u0105 bezpieczne.\r\nWsparcie na ka\u017cdym etapie: Niezale\u017cnie od tego, czy jeste\u015b du\u017c\u0105 korporacj\u0105 czy ma\u0142\u0105 firm\u0105, oferujemy kompleksowe wsparcie. Nasz konsultant IT pomo\u017ce Ci wdro\u017cy\u0107 nowoczesne rozwi\u0105zania, zoptymalizowa\u0107 dzia\u0142anie \u015brodowiska IT i osi\u0105gn\u0105\u0107 sukces biznesowy.\r\nSkorzystaj z naszej bezp\u0142atnej konsultacji i dowiedz si\u0119, jak mo\u017cemy pom\u00f3c Twojej firmie.<\/p>\n\t\t\t\t\t\t\t\t\t\t<\/div>\n\t\t\t\t\t\t\t\t\t<\/div>\n\t\t\t\t\t\t\t\t<\/div>\n\t\t\t\t\t\t\t\t\t\t\t\t\t<\/div>\n\t\t\t\t\t\t\t\t\t\t\t<div class=\"swiper-slide slider-services__slide\">\n\t\t\t\t\t\t\t<div class=\"row justify-content-between\">\n\t\t\t\t\t\t\t\t\t\t\t\t\t\t\t\t\t<div class=\"col-lg-5\">\n\t\t\t\t\t\t\t\t\t\t<div class=\"slider-services__header\">\n\t\t\t\t\t\t\t\t\t\t\t<div class=\"slider-services__headline\"><\/div>\n\t\t\t\t\t\t\t\t\t\t\t<h4>Szkolenia i edukacja <\/h4>\n\t\t\t\t\t\t\t\t\t\t<\/div>\n\t\t\t\t\t\t\t\t\t<\/div>\n\t\t\t\t\t\t\t\t\t\t\t\t\t\t\t\t\t\t\t\t\t\t\t\t\t<div class=\"col-lg-6\">\n\t\t\t\t\t\t\t\t\t\t<div class=\"slider-services__wrapper-text\">\n\t\t\t\t\t\t\t\t\t\t\t<p>Nasza firma oferuje kompleksowe szkolenia i edukacj\u0119 w obszarze IT, dostosowane do r\u00f3\u017cnych poziom\u00f3w zaawansowania i potrzeb klient\u00f3w. Nasze szkolenia obejmuj\u0105 szeroki zakres tematyczny, pocz\u0105wszy od podstawowych umiej\u0119tno\u015bci informatycznych, a\u017c po zaawansowane technologie. Dzi\u0119ki naszym wykwalifikowanym instruktorom i interaktywnym metodom nauczania, uczestnicy zdobywaj\u0105 praktyczne umiej\u0119tno\u015bci, kt\u00f3re mog\u0105 natychmiast wykorzysta\u0107 w swojej pracy. Niezale\u017cnie od bran\u017cy czy do\u015bwiadczenia, nasze szkolenia pomagaj\u0105 rozwija\u0107 kompetencje IT oraz podnosi\u0107 efektywno\u015b\u0107 i innowacyjno\u015b\u0107 w dzia\u0142aniu.<\/p>\n\t\t\t\t\t\t\t\t\t\t<\/div>\n\t\t\t\t\t\t\t\t\t<\/div>\n\t\t\t\t\t\t\t\t<\/div>\n\t\t\t\t\t\t\t\t\t\t\t\t\t<\/div>\n\t\t\t\t\t\t\t\t\t<\/div>\n\t\t\t<\/div>\n\t\t<\/div>\n\t\t\t\t\t\t<\/div>\n\t\t\t\t<\/div>\n\t\t\t\t\t<\/div>\n\t\t<\/div>\n\t\t\t\t\t<\/div>\n\t\t<\/section>\n\t\t\t\t<section class=\"elementor-section elementor-top-section elementor-element elementor-element-5575627 section section-cta section_pt-large section_pb-large elementor-section-boxed elementor-section-height-default elementor-section-height-default\" data-id=\"5575627\" data-element_type=\"section\" data-e-type=\"section\" data-settings=\"{&quot;background_background&quot;:&quot;classic&quot;}\">\n\t\t\t\t\t\t\t<div class=\"elementor-background-overlay\"><\/div>\n\t\t\t\t\t\t\t<div class=\"elementor-container elementor-column-gap-no\">\n\t\t\t\t\t<div class=\"elementor-column elementor-col-100 elementor-top-column elementor-element elementor-element-6355958\" data-id=\"6355958\" data-element_type=\"column\" data-e-type=\"column\">\n\t\t\t<div class=\"elementor-widget-wrap elementor-element-populated\">\n\t\t\t\t\t\t<div class=\"elementor-element elementor-element-a7fc452 elementor-widget elementor-widget-harizma-widget-call-to-action\" data-id=\"a7fc452\" data-element_type=\"widget\" data-e-type=\"widget\" data-widget_type=\"harizma-widget-call-to-action.default\">\n\t\t\t\t<div class=\"elementor-widget-container\">\n\t\t\t\t\t\t\t\t\t\t\t\t<p >Zdecydowany na wsp\u00f3\u0142prac\u0119 z Nami?<\/p>\n\t\t\t\t\t\t\t<div class=\"section-cta__wrapper-button\">\n\t\t\t\t\t\t\t\t<a class=\"button button_solid button_light \" href=\"https:\/\/www.kompnet.pl\/index.php\/kontakt\/\" target=\"_blank\"><span >KONTAKT<\/span><\/a>\n\t\t\t<\/div>\n\t\t\t<!-- - button-->\n\t\t\t\t\t\t\t\t<\/div>\n\t\t\t\t<\/div>\n\t\t\t\t\t<\/div>\n\t\t<\/div>\n\t\t\t\t\t<\/div>\n\t\t<\/section>\n\t\t\t\t<\/div>\n\t\t","protected":false},"excerpt":{"rendered":"<p>OUTSOURCING IT HELPDESK IT ADMINISTARCJA I OBS\u0141UGA IT KONSULTING INFORMATYCZNY SZKOLENIA I EDUKACJA Doradztwo i pomoc techniczna Lorem ipsum dolor Zdalne i lokalne wsparcie ko\u0144cowych u\u017cytkownik\u00f3w Us\u0142uga Helpdesk IT jest kluczowym elementem wsparcia technicznego w firmach i organizacjach. Polega ona na zapewnieniu u\u017cytkownikom pomocy i rozwi\u0105zywaniu problem\u00f3w zwi\u0105zanych z technologi\u0105 informatyczn\u0105. Administracja i obs\u0142uga IT [&hellip;]<\/p>\n","protected":false},"author":2,"featured_media":2699,"parent":0,"menu_order":0,"comment_status":"closed","ping_status":"closed","template":"","meta":{"_acf_changed":false,"om_disable_all_campaigns":false,"_monsterinsights_skip_tracking":false,"_monsterinsights_sitenote_active":false,"_monsterinsights_sitenote_note":"","_monsterinsights_sitenote_category":0,"_uf_show_specific_survey":0,"_uf_disable_surveys":false,"footnotes":""},"class_list":["post-2522","page","type-page","status-publish","has-post-thumbnail","hentry"],"acf":[],"aioseo_notices":[],"_links":{"self":[{"href":"https:\/\/www.kompnet.pl\/index.php\/wp-json\/wp\/v2\/pages\/2522","targetHints":{"allow":["GET"]}}],"collection":[{"href":"https:\/\/www.kompnet.pl\/index.php\/wp-json\/wp\/v2\/pages"}],"about":[{"href":"https:\/\/www.kompnet.pl\/index.php\/wp-json\/wp\/v2\/types\/page"}],"author":[{"embeddable":true,"href":"https:\/\/www.kompnet.pl\/index.php\/wp-json\/wp\/v2\/users\/2"}],"replies":[{"embeddable":true,"href":"https:\/\/www.kompnet.pl\/index.php\/wp-json\/wp\/v2\/comments?post=2522"}],"version-history":[{"count":5,"href":"https:\/\/www.kompnet.pl\/index.php\/wp-json\/wp\/v2\/pages\/2522\/revisions"}],"predecessor-version":[{"id":3132,"href":"https:\/\/www.kompnet.pl\/index.php\/wp-json\/wp\/v2\/pages\/2522\/revisions\/3132"}],"wp:featuredmedia":[{"embeddable":true,"href":"https:\/\/www.kompnet.pl\/index.php\/wp-json\/wp\/v2\/media\/2699"}],"wp:attachment":[{"href":"https:\/\/www.kompnet.pl\/index.php\/wp-json\/wp\/v2\/media?parent=2522"}],"curies":[{"name":"wp","href":"https:\/\/api.w.org\/{rel}","templated":true}]}}